ided by 1191287?
0
Calculate the remainder when 125331077 is divided by 62.
61
What is the remainder when 2542587 is divided by 129?
126
What is the remainder when 336452 is divided by 2851?
34
What is the remainder when 667705 is divided by 25651?
779
What is the remainder when 22520 is divided by 4135?
1845
What is the remainder when 7902488 is divided by 97?
92
What is the remainder when 20298699 is divided by 278?
251
What is the remainder when 90287 is divided by 89466?
821
Calculate the remainder when 246535001 is divided by 837.
836
What is the remainder when 25319 is divided by 2378?
1539
What is the remainder when 1835400 is divided by 4830?
0
What is the remainder when 909480 is divided by 753?
609
What is the remainder when 1814495 is divided by 3629?
3624
What is the remainder when 4867231 is divided by 74?
29
Calculate the remainder when 16532650 is divided by 115.
20
What is the remainder when 85978 is divided by 3872?
794
Calculate the remainder when 1737607 is divided by 51106.
3
What is the remainder when 370040 is divided by 1162?
524
Calculate the remainder when 494309 is divided by 7965.
479
Calculate the remainder when 28134 is divided by 6339.
2778
Calculate the remainder when 95253510 is divided by 4.
2
Calculate the remainder when 125715 is divided by 41897.
24
Calculate the remainder when 28115 is divided by 4553.
797
What is the remainder when 285281932 is divided by 142640966?
0
Calculate the remainder when 143321 is divided by 378.
59
Calculate the remainder when 4909733 is divided by 58449.
17
What is the remainder when 1348951236 is divided by 28?
24
What is the remainder when 2646176 is divided by 632?
624
Calculate the remainder when 154396 is divided by 6424.
220
Calculate the remainder when 33685521 is divided by 9290.
9271
What is the remainder when 591271 is divided by 1197?
1150
Calculate the remainder when 348578 is divided by 18298.
916
What is the remainder when 117175020 is divided by 275?
270
What is the remainder when 212411 is divided by 1798?
247
What is the remainder when 60706 is divided by 30072?
562
What is the remainder when 793551 is divided by 538?
1
Calculate the remainder when 538773 is divided by 21547.
98
Calculate the remainder when 14750375 is divided by 7375184.
7
Calculate the remainder when 425315 is divided by 49.
44
What is the remainder when 1259310 is divided by 460?
290
What is the remainder when 31757 is divided by 7672?
1069
Calculate the remainder when 38773167 is divided by 4740.
4707
Calculate the remainder when 34359 is divided by 33875.
484
Calculate the remainder when 1607016 is divided by 1607005.
11
What is the remainder when 187179 is divided by 7?
6
Calculate the remainder when 14758743 is divided by 63.
48
Calculate the remainder when 108137 is divided by 24.
17
Calculate the remainder when 301395 is divided by 12558.
3
What is the remainder when 1890659 is divided by 1?
0
Calculate the remainder when 43495070 is divided by 427.
423
What is the remainder when 2130234 is divided by 826?
806
What is the remainder when 29114965 is divided by 53?
51
Calculate the remainder when 3764127 is divided by 10312.
247
What is the remainder when 2870446 is divided by 2870440?
6
What is the remainder when 4763758 is divided by 99?
76
Calculate the remainder when 29893068 is divided by 11627.
51
Calculate the remainder when 120302900 is divided by 30075716.
36
What is the remainder when 3549937 is divided by 77?
6
What is the remainder when 2350521 is divided by 58763?
1
What is the remainder when 8445235 is divided by 478?
409
Calculate the remainder when 7444307 is divided by 3009.
41
What is the remainder when 174364167 is divided by 42?
33
Calculate the remainder when 1719750 is divided by 429915.
90
What is the remainder when 292255 is divided by 146052?
151
Calculate the remainder when 42384 is divided by 1397.
474
What is the remainder when 1462179 is divided by 11077?
15
What is the remainder when 5675193 is divided by 47?
37
Calculate the remainder when 8329883 is divided by 1406.
739
What is the remainder when 7861 is divided by 2184?
1309
Calculate the remainder when 2111338 is divided by 356.
258
What is the remainder when 98266112 is divided by 49133052?
8
What is the remainder when 522814 is divided by 112?
110
What is the remainder when 10808466 is divided by 63?
60
Calculate the remainder when 939183 is divided by 8555.
6688
What is the remainder when 27744 is divided by 24250?
3494
What is the remainder when 505277846 is divided by 11?
7
Calculate the remainder when 8261712 is divided by 2753884.
60
Calculate the remainder when 2066965 is divided by 47.
46
Calculate the remainder when 768890 is divided by 7399.
6793
Calculate the remainder when 22053861 is divided by 2756714.
149
What is the remainder when 90427848 is divided by 22606960?
8
What is the remainder when 5635680 is divided by 2198?
8
Calculate the remainder when 279281 is divided by 353.
58
Calculate the remainder when 306145 is divided by 4575.
4195
Calculate the remainder when 41799101 is divided by 64.
61
Calculate the remainder when 32908314 is divided by 26.
10
What is the remainder when 20689 is divided by 1111?
691
Calculate the remainder when 398015 is divided by 1805.
915
What is the remainder when 2509119 is divided by 21?
18
Calculate the remainder when 1131095 is divided by 22.
9
What is the remainder when 571190010 is divided by 423?
420
Calculate the remainder when 337524 is divided by 5450.
5074
What is the remainder when 44288 is divided by 466?
18
Calculate the remainder when 5958231 is divided by 3212.
3183
Calculate the remainder when 50792 is divided by 40893.
9899
Calculate the remainder when 4840230 is divided by 1621.
1545
What is the remainder when 67180 is divided by 21993?
1201
What is the remainder when 393681 is divided by 18739?
162
Calculate the remainder when 984302 is divided by 328007.
281
Calculate the remainder when 150254 is divided by 3266.
18
Calculate the remainder when 8918686 is divided by 1822.
1818
What is the remainder when 8450208 is divided by 162504?
0
What is the remainder when 2921618 is divided by 1060?
258
What is the remainder when 1665167 is divided by 215?
207
What is the remainder when 666112 is divided by 248?
232
What is the remainder when 7566649 is divided by 65?
64
What is the remainder when 240049 is divided by 980?
929
Calculate the remainder when 2376674 is divided by 84874.
202
Calculate the remainder when 11040 is divided by 307.
295
What is the remainder when 75292035 is divided by 740?
735
What is the remainder when 1275707 is divided by 265?
262
Calculate the remainder when 11012633 is divided by 26.
21
What is the remainder when 652714 is divided by 130534?
44
What is the remainder when 937562 is divided by 16742?
10
Calculate the remainder when 4135940 is divided by 489.
467
Calculate the remainder when 13551471 is divided by 1972.
1859
What is the remainder when 7131752 is divided by 2360?
2192
Calculate the remainder when 365372 is divided by 60815.
482
What is the remainder when 4286335 is divided by 67?
10
Calculate the remainder when 69490 is divided by 9472.
3186
What is the remainder when 550461 is divided by 137?
132
Calculate the remainder when 84858 is divided by 3937.
2181
Calculate the remainder when 2450154 is divided by 350014.
56
What is the remainder when 154665 is divided by 198?
27
Calculate the remainder when 2918643 is divided by 364830.
3
Calculate the remainder when 51971 is divided by 1828.
787
Calculate the remainder when 1444716 is divided by 361152.
108
What is the remainder when 90431 is divided by 1496?
671
What is the remainder when 26207 is divided by 3185?
727
Calculate the remainder when 7961852 is divided by 8.
4
What is the remainder when 16333367 is divided by 236715?
32
What is the remainder when 267816 is divided by 850?
66
What is the remainder when 20430376 is divided by 3016?
3008
Calculate the remainder when 171284812 is divided by 10143.
10114
What is the remainder when 754385 is divided by 753890?
495
What is the remainder when 72367465 is divided by 609?
604
What is the remainder when 3436682 is divided by 5824?
522
What is the remainder when 4458193 is divided by 699?
670
Calculate t